**2 - 2. What is d(o)?
-2
Let o(c) = -30*c + 1. Suppose -2 = -2*r + 3*a + 5, -4*a = 2*r + 14. Give o(r).
31
Suppose 2 - 5 = c. Let b(t) = 5*t + 2. Let u(h) = h + 1. Let k(l) = -b(l) + 6*u(l). What is k(c)?
1
Let v(w) = 2*w + 7. Let p(q) be the third derivative of -q**5/60 - 3*q**4/4 + 11*q**3/2 + 12*q**2. Let h be p(-20). What is v(h)?
-7
Let q(z) = z + 21. Let g be q(-14). Let b(f) = -3*f + 13. Let k(n) = -n + 1. Let h(y) = -b(y) + 2*k(y). Give h(g).
-4
Suppose 0 = 44*j - 61*j - 34. Let y(b) = b**3 - b**2 - 4*b - 4. Give y(j).
-8
Suppose -3*v + 5*v = -2*c + 8, c + 5*v = 24. Let h(q) = -17*q**3 - 1. Calculate h(c).
16
Let r = 0 + -9. Let g = 3 + r. Let n(m) = m**3 - m**2 - 6*m - 8. Let l(y) = 3*y**3 - 2*y**2 - 18*y - 23. Let j(v) = -6*l(v) + 17*n(v). What is j(g)?
2
Let s(j) = -j**2 + 7*j - 7. Let p be s(6). Let d(i) = 6*i**2 + 5*i - 8. Let m(c) = c**3 + c**2 - c. Let w(v) = p*d(v) + m(v). What is w(6)?
8
Let l(w) = -127*w + 22. Let o(s) = -32*s + 5. Let x(j) = -2*l(j) + 9*o(j). Determine x(1).
-33
Suppose 71 + 27 = -14*t. Let m(a) = -a - 1. Let h(u) = -u**2 - 4*u + 5. Let f(i) = h(i) + 3*m(i). Determine f(t).
2
Let v(d) = 5*d**3 - 3*d**2 - 3*d + 2. Let z(o) be the third derivative of -o**6/120 + o**5/60 + o**4/24 + o**3/6 - 10*o**2. Let k(b) = v(b) + 4*z(b). Give k(0).
6
Let i(z) be the second derivative of z**8/6720 + z**7/840 - z**6/360 - z**5/60 - z**4/3 - 6*z. Let o(m) be the third derivative of i(m). What is o(-4)?
-10
Suppose 5*x + 3 = -m, 6*x + 1 = -m + 2*x. Let b(d) = 0*d**2 - d + 6*d**2 - m*d**2 - 14. Give b(0).
-14
Let p(o) = o - 8. Let l = -54 - -14. Let f be 3*l/(-18) + (-3)/(-9). What is p(f)?
-1
Let k(h) = h**3 + 21*h**2 - 22*h + 2. Let p be k(-22). Suppose 4 = s + p. Let l(v) = 2*v + 1. Give l(s).
5
Let a(m) be the second derivative of -m**4/24 + m**3/6 + 4*m**2 + 4*m. Let f(i) be the first derivative of a(i). Determine f(-2).
3
Let y(z) = z**3 - 13*z**2 - 2*z + 18. Let p be y(13). Let g(k) = -73*k - 74*k + 9*k**2 - 9 + k**3 + 150*k. Calculate g(p).
31
Suppose -4*g = -17*g + 78. Suppose g*q - 11 = 1. Let p(w) = w**2 - w + 1. Let l(k) = 3*k**2 - 4*k + 7. Let u(h) = l(h) - 5*p(h). Give u(q).
-4
Let b be ((-3)/4)/((-24)/160). Let t(u) = u**2 - 4*u - 4. Determine t(b).
1
Let x(d) = 12*d**2 + d - 2. Let r(h) = h**2 + 1. Suppose -3*g + 6 = -3*l, 4*l + 4 = 3*l + 3*g. Let z(p) = l*x(p) - 2*r(p). Calculate z(1).
-15
Let l(k) be the first derivative of -k**3/3 - k**2/2 + 30*k - 44. Let o(n) be the first derivative of l(n). What is o(-1)?
1
Let y(w) = w**3 - w**2 + 3. Suppose -2*m = -3 + 11, 4*l = -m + 20. Let a be (-3)/l + (-1)/(-2). Determine y(a).
3
Let d(b) = 69*b + 614. Let m be d(-9). Let y(r) = -10 + 3 - 6 - r. Determine y(m).
-6
Let l(x) = -6*x**3 - 2*x**2 + x. Let t be -1 - (-5 + 5 + 0 + -2). Determine l(t).
-7
Let l(a) = 7*a - 1. Suppose -3 = -2*z + z. Let w = -22 - -17. Let f(h) = 13*h - 1. Let m(j) = w*l(j) + z*f(j). Give m(-3).
-10
Let r(m) = 3*m + 40. Let x be r(-15). Let t(o) be the first derivative of o**2 + 2*o - 1. Give t(x).
-8
Let g(p) = -135*p + 131*p - p**2 + 3 - 4. Give g(-4).
-1
Let x(v) = 4 - 8*v + 8 - v**2 - 17. Calculate x(-7).
2
Let y(g) = -15*g + 145. Let z be y(10). Let p(q) = 7 + 0*q**2 - q**2 - 1 - 3*q. Give p(z).
-4
Let a(h) = 14*h**2 + 7*h. Let t(g) = 13*g**2 + 8*g. Let i(y) = -3*a(y) + 4*t(y). Let b(j) = -j**2 - j. Let s(u) = 22*b(u) + 2*i(u). Calculate s(1).
-2
Suppose -2*j + 0*j + 22 = 0. Let z = 2 - -3. Let w(g) = 35 - 19 + z*g - g**2 - j. Determine w(5).
5
Let l(s) = 37*s + 2*s**2 - 15*s - s**2 - 10*s + 12. Determine l(-10).
-8
Let y(o) = -o + 15. Let m be 15/(-12) + 9/(-12). Let q(c) = c. Let f(g) = m*q(g) - y(g). Calculate f(-11).
-4
Let t = 57 + -54. Let j be t - (2 + (1 - 0 - 0)). Let y(o) = -o - 6. Calculate y(j).
-6
Let g(h) = -h**3 + h**2 + 3*h - 1. Let z be (0 - 32/(-10)) + 5/(-25). Determine g(z).
-10
Suppose -28 = -3*d - 2*z, -6 = -6*z + 3*z. Let b(t) be the first derivative of t**3/3 - 7*t**2/2 - 5*t - 807. Determine b(d).
3
Let d(y) = y**2 + 3*y - 9. Let b be d(-5). Let g(u) = -3*u**3 + 7*u**2 - 7*u + 4. Let k(t) = t**3 - t**2 + t. Let f(r) = b*g(r) + 4*k(r). Calculate f(-3).
13
Let l(g) = -5*g + 1. Let p(q) = 15*q + 1. Let j be p(1). Suppose -2*u - 16 = u - 4*x, 5*u + j = 4*x. Suppose -5*i + 3*i - 2 = u. What is l(i)?
6
Let b(z) = -z**3 + 10*z**2 - 12*z - 7. Suppose -45*k - 522 = -103*k. What is b(k)?
-34
Suppose 7*a + 58 - 65 = 0. Let g(d) be the second derivative of 0*d**3 + 1/2*d**2 + 0 - 7/6*d**4 + d. Give g(a).
-13
Let d(l) = l. Let z be d(-5). Let n(g) = g**2 + 43. Let x be n(0). Let r(c) = 19 - x - c + 14. Determine r(z).
-5
Suppose 4*u - h - 21 = 0, 4*u - 26 = 2*h - 4. Let r(w) = w**2 - 5*w + 1. Give r(u).
1
Let u(x) = -x**3 - 47*x**2 + 47*x - 45. Let a be u(-48). Let r(m) = -6*m**2 + 4*m + 1. Give r(a).
-41
Let m(p) = -15*p**2 - p - 3. Let r(a) = -18*a**2 - a - 4. Let w(d) = 5*m(d) - 4*r(d). What is w(1)?
-3
Let m(s) be the third derivative of 0 + 0*s**4 + 0*s + 5*s**2 - 1/120*s**6 - 1/6*s**3 + 7/60*s**5. Give m(7).
-1
Let w(f) = -f**3 + 3*f**2 + 11*f - 6. Let b(m) = m. Let n(i) = -4*b(i) + w(i). Let t(x) = -x**2 - 12*x + 4. Let j be t(-12). What is n(j)?
6
Let z(d) = 5*d - 15. Suppose j = 5*s - 16, 0 = -3*j - 3*s - 13 + 1. Let v(u) = 9*u - 29. Let n(g) = j*v(g) + 11*z(g). Calculate n(-8).
1
Let u(n) = -21*n + 3. Let a = -1075 - -1077. Calculate u(a).
-39
Let k(b) be the third derivative of -b**5/12 - b**4/24 + b**3/3 - b**2 - 23. Determine k(1).
-4
Let y(x) = 3*x - 4. Let a(n) = 2*n - 5. Let q(u) = 4*a(u) - 3*y(u). Let s(i) = -1. Let m(t) = q(t) - 5*s(t). What is m(5)?
-8
Let s(y) be the second derivative of -y**3/3 - 16*y**2 + 105*y. What is s(-15)?
-2
Suppose -3*m - 17 = 5*g + 2, 0 = -3*m - g - 11. Suppose -3*o + 12 = 3*z - 60, 2*z - 6 = 0. Let s(p) = -24*p - 7 + o*p + 2 + 4. Calculate s(m).
8
Let w(j) = j - 5. Let m be w(5). Let o = m + 4. Let g be o/((-16)/(-20)) - 3. Let f(v) = 5*v + 1. Calculate f(g).
11
Let u(y) = -11*y - 4. Let o(b) = 31*b + 11. Let m(n) = 6*o(n) + 17*u(n). Suppose j = -3*j - 8. Let h = j - -2. Determine m(h).
-2
Let m(o) = -2 - 2 + 0*o - o. Suppose 0 = 6*q + 7*q - 221. Let g = q - 24. Give m(g).
3
Let w(c) be the third derivative of -c**4/24 - 2*c**3/3 - 3*c**2 - 7. Suppose 0 = -k + 2*k + 4. Give w(k).
0
Let s(h) = h**3 - 6*h**2 - 4*h - 8. Let n(u) = u**3 - 4*u**2 - 3*u - 7. Let y(j) = -5*n(j) + 4*s(j). Give y(-4).
7
Let f(u) = -u**3 + 3*u**2. Let j(x) = 7*x**3 - 22*x**2 + x. Let v(i) = -6*f(i) - j(i). Give v(2).
6
Let c(m) be the first derivative of 5/2*m**2 - 3 + 0*m - 7/24*m**4 + 5/6*m**3 + 1/60*m**5. Let h(q) be the second derivative of c(q). Determine h(5).
-5
Let i(p) = p**3 + 4*p**2 + 2*p - 3. Let n(o) = -2*o**3 - 9*o**2 - 5*o + 6. Let v(a) = 5*i(a) + 3*n(a). What is v(-6)?
-3
Let a = -17 + 44. Let w be (-4)/6*a/(-6). Let y(t) = -2*t - 4 - t + w + t**2 + 4*t. Give y(2).
5
Let u be (1 + -2)/(0 - 1). Let z(s) = 2*s + 19. Let n be z(-4). Let w(m) = -8 + 9*m + n*m**2 - 20*m + 9*m + 9. Determine w(u).
10
Suppose -6*u + 4 = -5*u. Let y(q) = -2*q**3 + 21*q**2 + 7*q - 15. Let n(h) = h**3 - 11*h**2 - 4*h + 8. Let k(t) = u*y(t) + 7*n(t). Give k(7).
-4
Let i(v) = -2*v. Suppose 4*a - 25 - 23 = 0. Suppose 0 = -25*c - 7*c + 480. Let d = a - c. Calculate i(d).
6
Let w(i) = i**2 + 6*i + 3. Suppose -t = 3*t. Suppose t = -b - b. Let h = b - 3. What is w(h)?
-6
Let y(s) = -3 - 2 - 3 + 12 + s - 5. Calculate y(-6).
-7
Let j(i) = 3*i - 1. Let a be 3/(15/(-95))*-1. Suppose -a + 25 = 3*f. Give j(f).
5
Let s(r) be the first derivative of 7/2*r**2 + 2 + 10*r - 1/3*r**3. Calculate s(9).
-8
Let z be 1/(-1*3/(-18)). Let a be -1 - -23 - 18/z. Suppose a - 1 = -3*l. Let t(s) = s**3 + 6*s**2 + s + 7. Calculate t(l).
1
Let w(a) = -4*a - a + 6 - 5. Let r(m) = m + 7. Let j be r(-8). Give w(j).
6
Let h(n) be the third derivative of n**4/24 - 3*n**3/2 + 44*n**2 - 2*n. Calculate h(12).
3
Let f(b) = -5*b**2 - 5*b - 1. Let c(r) = 9*r**2 + 11*r + 3. Let h(a) = 4*c(a) + 7*f(a). Calculate h(-4).
-15
Let i = 2 - 1. Let a(d) = d**3 - 7*d**2 - 9. Let f(p) be the first derivative of -p**2/2 - p - 2. Let m(c) = i*a(c) - 6*f(c). Calculate m(6).
-3
Suppose -3*u - 20 = -5. Let i be u/20 + (-27)/4. Let q(a) = a + 9. Let k be q(i). Let o(v) = -4*v - 1. Determine o(k).
-9
Suppose 5*f - 3*t = 24